{"id":16,"date":"2023-11-21T13:46:02","date_gmt":"2023-11-21T12:46:02","guid":{"rendered":"https:\/\/www.asynchrones.fr\/?page_id=16"},"modified":"2025-04-09T11:47:50","modified_gmt":"2025-04-09T09:47:50","slug":"manifeste","status":"publish","type":"page","link":"https:\/\/www.asynchrones.fr\/index.php\/manifeste\/","title":{"rendered":"Devenir asynchrones"},"content":{"rendered":"\n<p>Puiser dans nos sensibilit\u00e9s r\u00e9prim\u00e9es,<br>Sonder les impens\u00e9s collectifs hantant nos propres mots,<br>Inventer des fa\u00e7ons de signifier,<br>Tailler des id\u00e9es dans des images bafouill\u00e9es<br>\u00c0 la lanterne de nos \u00e9motions contradictoires.<\/p>\n\n\n\n<p>Se d\u00e9synchroniser des postures dogmatiques,<br>Des caricatures disjonctives,<br>Des pr\u00e9jug\u00e9s humiliant les opprim\u00e9\u00b7es,<br>Des tabous scl\u00e9rosant nos int\u00e9riorit\u00e9s subalternes,<br>Du besoin d\u2019appauvrir le r\u00e9el pour avoir raison,<br>De notre attachement \u00e0 ce qui r\u00e9prime,<br>Du m\u00e9pris patriarcal pour l\u2019essentiel :<br>incertitudes, d\u00e9sirs, joies, saveurs.<\/p>\n\n\n\n<p>Puisqu\u2019il faut le temps d\u2019observer le chaos du r\u00e9el tel qu\u2019il nous affecte,<br>\u00c9tirer la cr\u00e9ativit\u00e9 de nos pens\u00e9es brutes,<br>Chercher la beaut\u00e9 sous les fards et les fardeaux,<br>Questionner ce qui nous conditionne,<br>Creuser des possibles qui lib\u00e8rent.<\/p>\n\n\n\n<p>On s\u2019entra\u00eene \u00e0 \u00e9crire,<br>\u00e0 devenir asynchrones,<br>\u00e0 aimer les complexit\u00e9s et leurs maladresses,<br>\u00e0 faire danser nos id\u00e9es dans des pages qu\u2019on \u00e9crit. Ensemble.<\/p>\n","protected":false},"excerpt":{"rendered":"<p>Puiser dans nos sensibilit\u00e9s r\u00e9prim\u00e9es,Sonder les impens\u00e9s collectifs hantant nos propres mots,Inventer des fa\u00e7ons de signifier,Tailler des id\u00e9es dans des images bafouill\u00e9es\u00c0 la lanterne de nos \u00e9motions contradictoires. Se d\u00e9synchroniser des postures dogmatiques,Des caricatures disjonctives,Des pr\u00e9jug\u00e9s humiliant les opprim\u00e9\u00b7es,Des tabous scl\u00e9rosant nos int\u00e9riorit\u00e9s subalternes,Du besoin d\u2019appauvrir le r\u00e9el pour avoir raison,De notre attachement \u00e0 ce [&hellip;]<\/p>\n","protected":false},"author":1,"featured_media":0,"parent":0,"menu_order":0,"comment_status":"closed","ping_status":"closed","template":"","meta":{"footnotes":""},"class_list":["post-16","page","type-page","status-publish","hentry"],"_links":{"self":[{"href":"https:\/\/www.asynchrones.fr\/index.php\/wp-json\/wp\/v2\/pages\/16","targetHints":{"allow":["GET"]}}],"collection":[{"href":"https:\/\/www.asynchrones.fr\/index.php\/wp-json\/wp\/v2\/pages"}],"about":[{"href":"https:\/\/www.asynchrones.fr\/index.php\/wp-json\/wp\/v2\/types\/page"}],"author":[{"embeddable":true,"href":"https:\/\/www.asynchrones.fr\/index.php\/wp-json\/wp\/v2\/users\/1"}],"replies":[{"embeddable":true,"href":"https:\/\/www.asynchrones.fr\/index.php\/wp-json\/wp\/v2\/comments?post=16"}],"version-history":[{"count":4,"href":"https:\/\/www.asynchrones.fr\/index.php\/wp-json\/wp\/v2\/pages\/16\/revisions"}],"predecessor-version":[{"id":89,"href":"https:\/\/www.asynchrones.fr\/index.php\/wp-json\/wp\/v2\/pages\/16\/revisions\/89"}],"wp:attachment":[{"href":"https:\/\/www.asynchrones.fr\/index.php\/wp-json\/wp\/v2\/media?parent=16"}],"curies":[{"name":"wp","href":"https:\/\/api.w.org\/{rel}","templated":true}]}}